e prime factors of i.
7, 11
Let v(w) = 542*w - 16576. What are the prime factors of v(66)?
2, 4799
Suppose 803*v - 112632 = 784*v. List the prime factors of v.
2, 3, 13, 19
What are the prime factors of 7 - 100914/(-20 + 9)?
9181
Suppose 307 = -10*w - 203. Let r(d) = 8*d**2 - 4*d + 2. Let m be r(4). Let i = m + w. List the prime factors of i.
3, 7
Suppose 0 = 3*y - o - 3*o - 30, 10 = y - 3*o. Suppose -y*i + 1376 + 1534 = 0. List the prime factors of i.
3, 97
Let v(x) = -x**2 - 4*x + 4. Let w be v(-3). Suppose -10*z + 609 = b - w*z, -2*z - 1849 = -3*b. List the prime factors of b.
3, 5, 41
Suppose -44*i + 297748 + 214676 = 0. What are the prime factors of i?
2, 3, 647
Let h be (3 - -6) + -7 + -14. List the prime factors of h*3/6*-277.
2, 3, 277
Let j = 23598 - 3871. What are the prime factors of j?
19727
Suppose -160 - 11 = -57*b. Let s(u) = -u**3 - 2*u**2 + u - 4. Let h be s(-3). Suppose -b*x + 243 = 2*r, -h*x = 3*x + 5*r - 405. List the prime factors of x.
3
Let u(h) = -h - 21. Let x be u(-13). Let y be (-2)/4 - 20/x - 68. Let v = 154 + y. List the prime factors of v.
2, 11
Let m = 6858 + 15296. List the prime factors of m.
2, 11, 19, 53
Suppose -14*m + 113211 = -8*m + m. What are the prime factors of m?
3, 599
Suppose -1826 + 52 = -3*d - q, -2363 = -4*d + q. List the prime factors of d.
3, 197
Let m(s) = s + 281. Let l be m(31). Suppose -v + l = -3*b + 1238, 0 = -2*b - 2*v + 604. List the prime factors of b.
307
Let f(v) = -11*v + 153. Let b(t) = -t**3 - 34*t**2 + 5*t + 149. Let l be b(-34). List the prime factors of f(l).
2, 3
Let q(n) = -n**3 - 9*n**2 - 10*n + 11. Let i(f) = -2*f + 6. Let r be i(7). Let j be q(r). Suppose 22*y = j*y - 65. What are the prime factors of y?
13
Suppose 2953 = 3*t - 3*f + 367, 4*f = t - 853. Let l = -554 + t. What are the prime factors of l?
311
Suppose 75*x + 56597 - 56114 = 503133. What are the prime factors of x?
2, 3, 1117
What are the prime factors of 12/16 - (170118/(-24) - -6)?
3, 787
Suppose 7 = 7*y - 14*y. Let o(r) = -173*r**3 - r**2 + 2*r + 2. What are the prime factors of o(y)?
2, 43
Suppose 0 = -k - x - 0 + 10, -80 = -4*k + 4*x. Suppose -5*w + 45 - k = 0. Suppose -9*r + 78 = -w*r. List the prime factors of r.
2, 13
Suppose -x + 2147 = 4*r - 13614, -2*r + 7870 = 4*x. List the prime factors of r.
7, 563
Let p = -43 - -17. Let n(y) = -39*y - 16. Let h be n(-4). Let w = h - p. List the prime factors of w.
2, 83
Suppose -12 + 100 = 22*z. Suppose 4*y - 1660 = -2*j, y - 2069 = -4*y - z*j. What are the prime factors of y?
3, 139
Let u(y) = -183*y**3 + 11*y**2 + 5*y - 4. List the prime factors of u(-4).
2, 1483
Let a = 10450 + 2121. List the prime factors of a.
13, 967
Let p(j) = 7*j**2 - 8*j + 22. Let h be p(8). Suppose -11*x - 3*n + h = -10*x, 1610 = 4*x + 5*n. What are the prime factors of x?
2, 5
Suppose 21*l + 14445 = 134901. List the prime factors of l.
2, 3, 239
Let n = 8637 - 4014. What are the prime factors of n?
3, 23, 67
Let o(i) = i**2 - 16*i - 5. Let a be o(10). Let v be -3 - 111/(-39) - 12490/a. Suppose -5*x + v = 2*n - 103, 5*x + 15 = 0. List the prime factors of n.
5, 31
Suppose -11*j - 2 = 537. Let t(g) = 3*g**2 - 2*g - 3. Let w be t(7). Let q = j + w. List the prime factors of q.
3
Let u(r) = -r**3 - 15*r**2 - 20*r - 18. Let d be u(-14). Suppose -7*b + 72 = -40. Suppose b*q - d = 15*q. List the prime factors of q.
2, 3, 11
Let s be -1*(-12)/3 + (-4)/4. Suppose -5*m + 2956 = -4*l, l + 2368 = 4*m - s*l. List the prime factors of m.
2, 3, 7
Let o(a) = 2*a**2 + 30*a + 383. List the prime factors of o(-14).
5, 71
Suppose -2*c + 31596 = 4*h, 2933*c = 2929*c - 3*h + 63237. What are the prime factors of c?
2, 3, 659
Suppose -26*x - 24*x + 216255 = -11*x. What are the prime factors of x?
5, 1109
Suppose -27*h - 162578 = -19*h - 21*h. List the prime factors of h.
2, 13, 37
Let b = -1 - -16. Suppose b*p - 24*p + 7587 = 0. List the prime factors of p.
3, 281
Let g(t) = 1093*t + 247. What are the prime factors of g(5)?
2, 3, 7, 17
List the prime factors of (-36698)/(-2) + (19/(-5) - 36/180).
3, 5, 1223
Suppose 1683001 - 3644506 = -81*r + 3241692. What are the prime factors of r?
64237
Suppose -3786 = -d + 3*m, -4*m = -6*d + 2*d + 15176. List the prime factors of d.
2, 3, 211
Let o(p) = -p**3 - 32*p**2 - 42*p + 73. What are the prime factors of o(-39)?
2, 37, 167
Suppose 4*g - 129 = -113. Suppose -l = 2*l + 4*q - 979, 2*q = -g*l + 1322. What are the prime factors of l?
3, 37
Suppose 0 = -21*u + 56*u - 8960. Suppose 3*c + 7 = 1. List the prime factors of (u/20)/(c/(-20)).
2
Let j = -851 - -1617. Let r = j + -334. List the prime factors of r.
2, 3
Suppose 0 = -w + 3*g - 420, -3*w + 2*g - 1273 = 6*g. Let p = -244 - w. What are the prime factors of p?
179
Suppose 1144*j - 82143 = 1141*j + 3*h, -5*j = 5*h - 136865. What are the prime factors of j?
7, 3911
List the prime factors of 1*4184 + 5*(-126)/90.
4177
Suppose 15 = 3*x - 11*d + 14*d, 4*d + 4 = 2*x. List the prime factors of (-27 + x)/((-1)/30).
2, 3, 5, 23
Let c(d) = -20*d**3. Suppose -j - 2 = x, j + 4*x + 6 = -4*j. Let z be c(j). What are the prime factors of ((-4)/(-1))/2 + (9 - z)?
3, 19
Let m(d) be the first derivative of 7*d**3/3 - d**2/2 + 43*d - 23. What are the prime factors of m(-7)?
3, 131
Let w be 7/(1 - (-153)/(-154)). Let l = -660 + w. Let z = l + -160. What are the prime factors of z?
2, 3, 43
Let d(p) = -8*p - 44. Let s be d(-6). Suppose 0 = -5*h - 4*f + 1360, 26 = -2*h + s*f + 570. What are the prime factors of h?
2, 17
Let u(w) = 196*w + 4. Let d be u(1). Let k be (d/15)/((-2)/(-84)). Suppose -10*f = -2*f - k. What are the prime factors of f?
2, 5, 7
Let z(a) = -2*a**2 + 16*a + 46. Let c be z(-5). List the prime factors of (-396)/(-8)*(-2 - c/9).
3, 11
Suppose 101*t - 1198330 = -89*t. What are the prime factors of t?
7, 17, 53
Suppose -4*h + 5939 - 659 = 0. Let b = h - 517. List the prime factors of b.
11, 73
Suppose -10*v + 7 = -13. Suppose -q = v*g - 392 - 212, -4*q + 2434 = 2*g. List the prime factors of q.
2, 5, 61
Suppose -5*x + 8*x - 15 = 0. Suppose -x*c = 20, -16 = -4*d + 6*c - c. Let r = d + 98. What are the prime factors of r?
97
Let q(g) = 25*g + 46. Suppose -3*j = 5*v - 33 - 19, -v + 4*j - 8 = 0. List the prime factors of q(v).
2, 3, 41
Let r(a) be the second derivative of 11*a**3/2 + 215*a**2/2 + 40*a - 2. List the prime factors of r(9).
2
Suppose -j = -o + j - 9, 5*o = -j + 10. List the prime factors of 149/o - ((-4 - -9) + -9).
3, 17
Let l(y) = 193*y + 197. Let d(i) = -129*i - 131. Let v(w) = -7*d(w) - 5*l(w). List the prime factors of v(-4).
2, 3, 5
Let u = 95121 + -54874. List the prime factors of u.
167, 241
Let b(d) = -d**3 + 53*d**2 + 73*d + 96. List the prime factors of b(53).
5, 13, 61
Suppose 78*o = 81*o - 1959. Let y = -123 + o. What are the prime factors of y?
2, 5, 53
Let s(a) = -a**2 + 57*a + 549. List the prime factors of s(52).
809
Suppose 656*c + 1168888 = 670*c. What are the prime factors of c?
2, 20873
Let d = 99 + -239. Let z = -59 - d. What are the prime factors of z?
3
Let g(l) = 2*l**2 - 2*l. Let t be g(2). Let h(i) = -i + 7 - 4 - t. List the prime factors of h(-24).
23
Let s(t) = 3*t**3 + 41*t**2 - 37*t + 3. Let y(l) = -2*l**3 - 28*l**2 + 25*l - 2. Let w(x) = 5*s(x) + 7*y(x). What are the prime factors of w(-9)?
7, 13
Let m(g) be the first derivative of -g**3/3 + 9*g**2/2 + 25*g + 16. Let n be m(11). Suppose 9 = -5*r - 11, 0 = n*z - 2*r - 257. What are the prime factors of z?
83
Let m = 53 + -36. Suppose m = c + 13. Suppose 348 = c*p + u - 235, 3*p + 2*u = 441. What are the prime factors of p?
5, 29
Suppose 167*o = 157*o + 150. Suppose 18*z - 1284 = o*z. What are the prime factors of z?
2, 107
Let i(j) = -724*j - 662. What are the prime factors of i(-44)?
2, 3, 1733
Suppose 5*g - 237*w - 377403 = -240*w, 5*g - w = 377419. What are the prime factors of g?
3, 8387
Let v(j) = -11*j**2 - 9*j + 1 - 18 + 10*j**2. Let b be v(-7). List the prime factors of b/4*-4 - (-2 + -7).
2, 3
Suppose -11675 = -3*d - d + 13061. What are the prime factors of d?
2, 773
Let y(c) = 8*c + 108. Let f(u) = -u**2 + 18*u - 56. Let d be f(13). What are the prime factors of y(d)?
2, 3, 5
Let v(x) = 207*x**3 + 14*x - 51. What are the prime factors of v(3)?
2, 3, 5, 31
Let i(w) = 7*w**2 - 7*w + 11. Let j be i(2). Let f = 156 - j. 